s = -723 + 717. Calculate y(s).
-5
Let w(n) be the first derivative of -n**4/4 + 4*n**3/3 - 5*n**2/2 - 5*n - 726. Calculate w(4).
-25
Let a(m) = -5*m**2 + 31*m - 12. Let j be a(6). Let q(f) = f**2 + 2*f - 6. Calculate q(j).
18
Let x(y) = -y + 9. Let u be x(5). Suppose u*m - 28 = -4*q, m - 3 = -0*q + q. Let v(l) = 3*l - 4*l**3 + 3*l**3 + q*l**3 - 2*l. What is v(1)?
2
Let p(l) = -2*l. Let w = -70 + 71. Calculate p(w).
-2
Let k(y) = y**3 + 5*y**2 + y. Suppose 0 = 2*z + 3 - 5. Let b be 0*(-3)/3*z. Suppose -4*d + 0*g = -g + 21, b = 2*d - 2*g + 12. What is k(d)?
-5
Let m(a) = 4*a - 1. Let l(n) = -2 + 8*n - 3 + 3. Let v(d) = 3*l(d) - 5*m(d). Let w(s) = -3*s**2 + 43*s - 156. Let f be w(7). What is v(f)?
-9
Let v(p) be the first derivative of 3*p**4/4 - p**2/2 - p + 1. Let j be 17/(-68)*(-4 - -8). What is v(j)?
-3
Let x(b) be the second derivative of -b**4/12 + 2*b**3 - 7*b**2 - 6*b. Give x(10).
6
Suppose -15 = 2*g - 5*l, -5*l + 15 = 7*g - 10*g. Let c(s) be the second derivative of s**4/12 + s**3/6 - 7*s**2/2 + 4*s. Determine c(g).
-7
Let x(i) = i**3 - 2*i**2 - 3*i - 4. Suppose 3*f - 185 = 190. Let h = -122 + f. What is x(h)?
-4
Let u(w) be the first derivative of -w**2/2 - 15*w - 2. Give u(-11).
-4
Let z(a) = -a**3 + 4*a**2 + 2*a - 5. Let w be z(4). Let x be 6/(-3)*1/((-2)/2). Let b(d) = 4*d + 72*d**x - 2 - 73*d**2 - 2. What is b(w)?
-1
Let h(a) be the second derivative of a**5/20 - a**3/3 + 7*a**2/2 - 83*a. Calculate h(0).
7
Let g(n) = 13*n**3 - 10*n**2 + 14*n. Let h(d) = -3*d**3 - d**2 + 1. Let q(t) = g(t) + 4*h(t). What is q(13)?
17
Let t(h) = h**3 + 6*h**2 + 2*h - 4. Let x(k) = -2*k**3 + 20*k**2 - 17*k - 9. Let q be x(9). Suppose 0*v + 4*v + 5*m + 1 = q, 5*v = 5*m - 35. Give t(v).
20
Let z(b) = 8*b - 14. Let d(a) = 4*a - 5. Let j(t) = 13*d(t) - 6*z(t). Give j(-7).
-9
Let u(g) = -g**3 + 4*g**2 + 2*g - 2. Suppose -4*f + 2*f + 12 = 0. Let l be ((-18)/(-21))/(f/28). What is u(l)?
6
Let u(b) = 87*b**2 - 33*b - 33. Let t(w) = -11*w**2 + 4*w + 4. Let r(z) = -33*t(z) - 4*u(z). Let g be 10/(-12) - 0 - 132/(-72). What is r(g)?
15
Let b(p) be the first derivative of p**2/2 - 10*p - 475. Give b(6).
-4
Suppose 5*l = 2*z - 23 - 8, -22 = -4*z + 2*l. Suppose -6 = 3*c - 3*o, -z*c - 2*o - 2 = -7*c. Let n(x) = -1 - x**3 + 5*x**2 - 3*x**2 + 3*x - x**2. Give n(c).
-10
Suppose -7*o + 2*o + 4*x = -70, 3*x + 55 = 4*o. Let c = -5 + o. Suppose 0 = -s + c*s - 24. Let p(h) = h**3 - 5*h**2 - 4*h - 5. Calculate p(s).
7
Let i(x) = -24*x**3 - 33*x - 3 + 23*x**3 + 41*x + 6*x**2. Give i(7).
4
Let s(d) = -d**3 + 4*d**2 - 4. Let z(i) = -i - 8. Let w be z(-11). What is s(w)?
5
Let l(w) = 5*w + 1. Let h = 53 + -51. Calculate l(h).
11
Let r(j) = -j**2 + 6 + 5 - 4*j**3 + 0*j**3 + 5*j**3. Give r(0).
11
Let g(s) be the second derivative of s**4/12 + s**3/3 - 18*s. Let r be g(-2). Let k(z) = z**2 + 10. Give k(r).
10
Let a(u) = -65*u**2 + 20*u - 2. Let z(b) = 32*b**2 - 9*b + 1. Let y(o) = -4*a(o) - 9*z(o). Give y(1).
-28
Let w(d) be the second derivative of 5*d**4/12 + d**3/3 - d**2/2 + 5*d. Let q = 16 - 15. What is w(q)?
6
Let h(i) = 11*i + 10. Let l(w) = 2*w + 2. Let y(a) = -3*h(a) + 15*l(a). Determine y(-5).
15
Suppose 0 = 3*o - 12 - 9. Let k(j) = o*j - 11*j**2 + 11*j**2 + j**3 + 4 + 7*j**2. Give k(-6).
-2
Let i(p) = -4*p**2 + 13*p - 5. Let b(h) = -2*h**2 + h**2 - 6*h - 19 + 3*h**2 + 21. Let y(r) = -7*b(r) - 3*i(r). What is y(3)?
-8
Let w(v) = v**2 - 4*v - 5. Let t = 4 + 2. Suppose 0 = 3*n - t*n. Suppose 9*y - 6*y - 12 = n. Give w(y).
-5
Let m(w) = 14 + 10*w + 12*w - 8*w + 2*w**2. Let t(o) = o + 1. Let v be ((-1)/3)/((-1)/3). Let b(l) = v*m(l) - 12*t(l). Calculate b(-2).
6
Let b(a) = 10*a + 3 - 33*a + a**3 + 3*a**2 + 22*a. Suppose 4*l + 2*d - 5*d = -1, -4*l - 2*d = 26. Give b(l).
-9
Let n = -6 + 9. Let g = -75 + 66. Let t = n + g. Let m(d) = -2*d - 7. Give m(t).
5
Let m(p) = -p. Let x be m(-3). Suppose 3*v + 3*q = 3, -x*v - 2*q + 4 + 3 = 0. Suppose -2*k = 4*h - 7*k + 22, -3*h + v*k = 19. Let z(r) = r + 1. Give z(h).
-2
Let o = -1 + 6. Let d(l) = -2. Let y(x) = -3. Let r(c) = -5*d(c) + 3*y(c). Let v(f) = -2*f + 7. Let g(k) = o*r(k) - v(k). Calculate g(2).
2
Suppose 0 = -2*x + 12. Let z(w) = -2*w + 6. What is z(x)?
-6
Let i = 17 + -15. Let u(v) = 6 + 0*v - i*v**3 + 6*v + 3*v**3 + 0*v + 7*v**2. Calculate u(-6).
6
Let j(x) = -x - 2. Let p(d) = -4*d - 6. Let f(z) = z**2 + z - 3. Suppose -3*k - 2*k = 0. Let a be f(k). Let m be p(a). Give j(m).
-8
Let d be 2*5/(-5) - 1. Let k(z) = -z**3 - 5*z**2 - z + 4. Give k(d).
-11
Suppose 3*f - 14 = 4*g, -3*f - 15 = -8*f + 5*g. Let b(k) be the first derivative of -k**4/2 - k**3/3 + k**2/2 + 2*k + 3. Calculate b(f).
12
Let h(k) be the second derivative of k**3/6 - 5*k**2/2 - 5*k. Give h(5).
0
Suppose b = 18*b + 85. Let s(d) be the second derivative of -5/12*d**4 - 1/20*d**5 + 0*d**3 - 1/2*d**2 + d + 0. What is s(b)?
-1
Let l(w) = 2*w + 5. Suppose -3*x = -5*r + 8, 5 = -2*r + 1. Determine l(x).
-7
Let v(c) be the first derivative of c**5/120 + c**4/24 + c**3/3 - 2. Let q(j) be the third derivative of v(j). Let w = -801 - -806. Give q(w).
6
Let j be (-2)/(-1)*2 - 6. Let q(o) = 6*o + 2. Determine q(j).
-10
Suppose -5*j = 7 - 2. Let q be (j - -2)*-1*1. Let i(c) = 57*c - 1 - 117*c + 54*c. Give i(q).
5
Let a(m) = 3*m**2 + 17*m - 3. Let t(u) = 2*u**2 + 9*u - 1. Let w(p) = 3*a(p) - 5*t(p). Suppose -2*r + 2 = 0, -5*r = 4*n - r - 24. Give w(n).
1
Suppose 2*b + 2*b + 24 = 0. Suppose 2 = -2*m + 8. Let k(u) = 18*u + u**2 + 5*u**2 - 17*u + 5 + u**m + 0*u**2. What is k(b)?
-1
Let y(i) = 2*i**2 - 38*i - 2. Let o(p) = p**2 - 20*p - 1. Let t(q) = -11*o(q) + 6*y(q). What is t(8)?
-1
Let q(p) be the second derivative of -p**4/3 - p**3/3 + p**2 + 104*p - 3. What is q(1)?
-4
Let w = 192 + -186. Let g(a) be the third derivative of 0*a**3 + 1/12*a**4 + 0 + 0*a - 4*a**2 - 1/120*a**w + 1/20*a**5. Determine g(4).
-8
Let s(d) = -3*d - 5. Let y = -557 + 551. What is s(y)?
13
Let p be (-2)/(2 - 16/6). Let w(v) be the first derivative of v**4/4 - v**3 - v**2/2 - 3*v + 12. What is w(p)?
-6
Let h be (-3 - 1)/(8/(-12)). Let f(m) = -2*m**3 - 6*m**2 - 3. Let a(o) = -5*o**3 - 12*o**2 - 5. Let n = 92 - 85. Let l(c) = n*f(c) - 3*a(c). Calculate l(h).
-6
Let t(w) = -w**3 + w - 3. Suppose -v - 19*f = -24*f + 13, -4*v + 17 = 3*f. Determine t(v).
-9
Let f = 381 + -381. Let y(i) = -i**2 - i + 3. Determine y(f).
3
Let d(v) be the second derivative of -v**4/12 - 17*v**3/6 - 15*v**2/2 - 195*v. What is d(-12)?
45
Let f(o) = 32*o - 6 + 94*o**2 + 4*o - 91*o**2. Give f(-12).
-6
Let w(n) = n + 12 + 17 - 1 - 27. Calculate w(-7).
-6
Let h(x) = -3*x - 1. Suppose 2*d + 2*d + 20 = 0. Let y(n) = -7*n - 3. Let l(i) = d*h(i) + 2*y(i). What is l(-6)?
-7
Let r(y) = -y. Let w be ((-18)/(-5))/(18/(-45)). Let z = w - -5. Let v = z - -2. Determine r(v).
2
Let o(g) be the second derivative of -3/2*g**2 + 0 + g**3 - 6*g - 1/12*g**4. What is o(6)?
-3
Let g = -10 - -6. Let j = g - -9. Let a(h) be the second derivative of h**4/12 - 2*h**3/3 - 7*h**2/2 + 4*h - 53. Determine a(j).
-2
Let i(c) = -7*c**3 + c**2 - 10*c - 10. Let z(l) = 3*l**3 - l**2 + 4*l + 4. Let p(y) = -4*i(y) - 9*z(y). Calculate p(-4).
4
Let y(c) be the first derivative of -c**4/4 - 7*c**3/3 + 3*c**2/2 + 8*c + 159. Calculate y(-7).
-13
Let t(m) be the second derivative of m**5/20 + m**4/2 + 2*m**3/3 + 21*m - 3. What is t(-5)?
5
Let v(x) = 2*x + 5. Suppose -3*q - 9 = -15. Let t(m) = m + 4. Let r(s) = q*v(s) - 3*t(s). Give r(-6).
-8
Let t(g) = 10*g + 21. Let p(m) = -9*m - 18. Let k(w) = -5*p(w) - 4*t(w). What is k(6)?
36
Let z be (-162)/189 + (-6)/(-7). Let y(r) be the second derivative of z + 7/2*r**2 + 1/6*r**3 + 10*r. Calculate y(-7).
0
Let x(u) = 2*u**3 + 8*u**2 + 4*u - 9. Let w be x(-3). Let k(y) = -y**2 - 3*y + 1. Determine k(w).
1
Let y(d) be the first derivative of -d**4/4 + 4*d**3/3 + 3*d**2 + 3*d - 4. Suppose 5*n - 2*n + 12 = 0. Let r = 1 - n. What is y(r)?
8
Let i(x) = 2*x**3 + x**2 + x. Let j(o) = 26*o**3 + o**2 + o - 1. Let p(l) = 3*i(l) - j(l). Determine p(-1).
21
Let c(a) be the first derivative of a**3 - a**2/2 - 3. Suppose 4*z - 20 = 0, z - 6 = -n - 1. Suppose j = -4*k - n - 5, 2*k = -4*j - 6. What is c(k)?
4
Let w(r) = -3*r**2 - 118*r + 77. Let j be w(-40). Let n(h) = -h - 1. Let y(v) = -2. Let f(p) = -2*n(p) - y(p). Determine f(j).
-2
Suppos